u) = 1900*u - 18. List the prime factors of t(2).
2, 31, 61
Suppose -27*z + 17*z + 36830 = 0. List the prime factors of z.
29, 127
Let w = 46 + -42. Suppose 12 = 2*i + w*f, 0*f = -f - 2. List the prime factors of i.
2, 5
List the prime factors of (-6)/10 + 1068/30 - -2.
37
Let m(s) = 12*s - 48. List the prime factors of m(10).
2, 3
List the prime factors of (-20 + (5 - 7))*(-14 - 2).
2, 11
Suppose -5*o - 20 = 0, g + o = -4*o - 335. Let m = -132 - g. List the prime factors of m.
3, 61
Let x(f) = -476*f - 21. What are the prime factors of x(-6)?
3, 5, 7
Let m = 1 + 3. Suppose 5*p = -2*i + 45 + 43, -m*i - 5*p = -156. List the prime factors of i.
2, 17
Suppose 345 = 3*r + 2*r. Let d = -44 + r. Let m = d - 13. What are the prime factors of m?
2, 3
Suppose -40*y + 5*p = -35*y - 5565, 5 = -p. List the prime factors of y.
2, 277
What are the prime factors of -2 - -624 - (49/(-7))/7?
7, 89
Let n be (12/(-9) - 20/(-15))/(-1). Suppose -2*z - 3*z + 410 = n. List the prime factors of z.
2, 41
Let n(l) = -l**3 + 8*l**2 - 7*l + 4. Let y be n(6). Suppose 1 - y = -j. What are the prime factors of j?
3, 11
Let w(r) = 4*r**2 + 3*r + 3. Suppose -5*y + 2 = -8. Suppose -1 = -2*x - y*f - 5, -4*x + 2*f - 8 = 0. List the prime factors of w(x).
13
Let m(j) = 19*j**3 - j**2 - 5*j + 8. Let p = 27 + -25. List the prime factors of m(p).
2, 73
Suppose -2*j = 1 - 13. Let k(l) = l**3 - 6*l**2 + 10. List the prime factors of k(j).
2, 5
Suppose 5*i - 38 = 4*z + 34, 3*z + 54 = -i. Let t be (48/15 - 2)*75/(-10). Let p = t - z. List the prime factors of p.
3
Suppose -2*t = 3*c - 741, 3*c = -5*t + 1309 + 530. What are the prime factors of t?
2, 3, 61
Let c(w) = 215*w + 563. List the prime factors of c(6).
17, 109
Let v be 2/(-7) + 3918/42. Let y be -3*(v/9)/(-1). Suppose -y = -5*g + 34. List the prime factors of g.
13
Suppose -140*v + 160*v = 11820. List the prime factors of v.
3, 197
List the prime factors of (-43 + -12)*1/((-30)/2088).
2, 3, 11, 29
Suppose -2628 = 773*f - 774*f. List the prime factors of f.
2, 3, 73
Suppose g = -2*k + 5*g + 170, -4*k + 340 = 2*g. Suppose a = -10 + k. List the prime factors of a.
3, 5
Let q be -8 - -7 - (-1 - -3). What are the prime factors of ((-27)/q)/(1/7)?
3, 7
Suppose k + 2*x + 12 = 2*k, 2*k = 2*x + 14. Let m be 2/(k/104*-2). Let n = m + 73. List the prime factors of n.
3, 7
Let o(b) = b**2 - 7*b - 5. List the prime factors of o(-15).
5, 13
Let b = -8 - -11. Suppose -n = b*n - 268. What are the prime factors of n?
67
Let q be (-1)/1*(-8 - -3). Suppose 0 = -h + 5*h - q*j - 237, 5*j = h - 78. Suppose 4*a + 4*u - h = 103, -5*u = 2*a - 90. List the prime factors of a.
5, 7
Let g be 15/30*(1 + -1). What are the prime factors of -1 + (g - 5)*-5?
2, 3
Suppose 4*l + 3*j - 234 = l, -j - 254 = -3*l. What are the prime factors of l?
83
Let q(a) = 40*a + 196. List the prime factors of q(21).
2, 7, 37
Let o = 363 + -229. What are the prime factors of o?
2, 67
Let h(w) = -w + 12. Let y be h(10). Suppose i = -f + 3*f - 87, 0 = y*i + 6. What are the prime factors of f?
2, 3, 7
Let y = -15 + 15. Suppose 3 = t, 0 = 4*v - y*t - 3*t - 47. Suppose v = m + 1. List the prime factors of m.
13
Suppose -f + 1 = -3. Suppose -f*u = 2*b - 8, -2*b + u + 4 = -b. Suppose b = 3*t - 41. List the prime factors of t.
3, 5
Let a = -5 + -9. List the prime factors of -1*4/a*203.
2, 29
Let z(t) = 4*t**2 - 18*t + 15. Let m be z(7). Let d be (6 + 0)*64/3. Let f = d - m. What are the prime factors of f?
43
Let u(i) = 16*i - 10*i + 13 + 6*i. What are the prime factors of u(3)?
7
List the prime factors of (-3)/((-9)/7905) + 35 + -37.
2633
Let q = -217 - -407. Suppose 4*f - 20 = 3*p, 3*f - 12 - 3 = 5*p. Suppose p = -4*j - j + q. List the prime factors of j.
2, 19
Let a be 3*(3 + -4) - -5. List the prime factors of 1/(1276/636 - a).
3, 53
Let y(m) = m**2 + 10*m - 4. Let b be y(-9). Let t = b - -20. Let q = 3 + t. What are the prime factors of q?
2, 5
Suppose 5*y - 457 = 168. List the prime factors of y.
5
Let r be (2 - 74)*(-16)/24. Suppose -9*g = -10*g + r. List the prime factors of g.
2, 3
Let c(q) = 7*q**2 - 3*q - 1. List the prime factors of c(-6).
269
Suppose -3*s + 69 = 3*m - 4*s, 15 = m - 3*s. Let a be -4*(-3 - 12/(-3)). What are the prime factors of ((-6)/a)/(2/m)?
2, 3
Suppose 0 = 5*n - 204 + 24. What are the prime factors of n?
2, 3
Suppose 2*w = 5*a - 3146, -38 = -4*w - 50. What are the prime factors of a?
2, 157
What are the prime factors of (-10)/(110/(-13981)) - (-5 + 2)?
2, 7, 13
Suppose 5*v + 2*l + 15 = 3*l, 3*v = 4*l - 9. Let y be 23/(v + -1 + 3). Let o = -11 - y. List the prime factors of o.
2, 3
Let t(h) = -h**3 - 11*h**2 + 25. What are the prime factors of t(-14)?
613
Let r(i) = 3*i + 13. Let c(d) = 3*d - 25. Let g be c(10). Let t(n) = n**2 - 2*n - 9. Let l be t(g). List the prime factors of r(l).
31
Let t(u) = -4*u - 15. Let n be t(-7). Suppose -86 = n*o - 14*o. What are the prime factors of o?
2, 43
Suppose -3*k - 5 = 2*k. Let j = 16 - 10. Let f = j + k. List the prime factors of f.
5
Suppose -3*o + 2*o = 0. Suppose o*n = -6*n + 288. What are the prime factors of n?
2, 3
Let j(q) = -1 + 0 - 1 - 14*q + 3. What are the prime factors of j(-5)?
71
Suppose d = 5*m + 52, -3*d + 68 = -5*m - 68. Let k = 59 - d. List the prime factors of k.
17
Suppose -5*x + 4*g + 26 = 0, -4*x - 6 = 4*g + 2. What are the prime factors of (-1)/x*(-312 - 2)?
157
Let j(a) = -a**3 + 2*a**2 - 9*a - 7. Let l be j(-4). Suppose -5*r + 81 = 4*f - 19, -5*r = -f - l. Let i = r - -36. What are the prime factors of i?
2, 3, 5
Let f(l) = -l**3 - 4*l**2 - 8*l - 14. Let x be f(-4). Suppose -5*a + x*a - 312 = 0. What are the prime factors of a?
2, 3
Let u be -4 - (-7 - -1) - 4. Let d be 0 + (3 - u - 4). What are the prime factors of (d/(-2))/((-3)/84)?
2, 7
Let a(c) = -c**3 - 12*c**2 + 13*c + 2. Let y be a(-13). Suppose -y = m - 14. What are the prime factors of m?
2, 3
Suppose -3*g + 3*d = -3993 - 10494, -13*d = -52. List the prime factors of g.
3, 179
Let w(d) = 2*d + 11. Let n be w(-8). Let p be -53*(n + 4 - 0). Let s = 75 - p. What are the prime factors of s?
2, 11
Suppose -705 = -5*n - 3*y, -5*n + 680 = -0*n - 2*y. Suppose b - 2*g + n = 4*b, -5*g + 15 = 0. Suppose w + b = 2*w. What are the prime factors of w?
2, 11
List the prime factors of 6620/15 - -9 - (-2)/3.
11, 41
Suppose -5*y - 5*y = -40. Suppose 71 + 33 = y*n. List the prime factors of n.
2, 13
Let k(i) = -2*i**3 - 2*i - 3. Let p(n) = -2*n**3 - n**2 - 2*n + 2. Let a be p(1). List the prime factors of k(a).
3, 19
Let b = -15 - -9. Let j = b + 13. Suppose j*q - 3*q - 92 = 0. What are the prime factors of q?
23
Suppose -244*u + 47583 = -227*u. What are the prime factors of u?
3, 311
Suppose -14*c - 3*c - 187 = 0. What are the prime factors of (6 + c)/(2/(-6))?
3, 5
Suppose 11*d - 13*d + 558 = -2*a, -553 = -2*d + 3*a. Let q = -101 + d. List the prime factors of q.
3, 61
Let h = -270 - -495. What are the prime factors of h?
3, 5
Let k = 643 + -246. List the prime factors of k.
397
Suppose 0 = 4*n + 5*i - 2*i - 1664, 0 = 5*i + 20. What are the prime factors of n?
419
Suppose -6*w + 22 = -8. Suppose -1298 = w*g - 16*g. What are the prime factors of g?
2, 59
Suppose -8*a - 7 = 17. List the prime factors of (-1)/a + (-8988)/(-63).
11, 13
Let h(m) = 6*m - 22. Let l be h(4). Suppose -5*v = j - 133, j + 3*v = l*j - 101. List the prime factors of j.
113
Suppose 5*g = -10 - 0. Let f be 6*(15/6 + g). Suppose -f*n - 165 = -8*n. List the prime factors of n.
3, 11
Suppose 26*m - 8001 - 2321 = 0. List the prime factors of m.
397
Let f = 1142 - 755. What are the prime factors of f?
3, 43
Suppose 3*d - 181 = -2*d + j, 169 = 5*d - 4*j. Let u be (2 + -2 - 9/3) + 5. Suppose d = x + u*p, 0*x - 3*p + 69 = 2*x. What are the prime factors of x?
3
Let v = 11 - 18. Let k = v + 3. List the prime factors of (-50)/(-4) - k/8.
13
Suppose 6 = 2*z - z. Suppose -z*i = -3*i - 345. List the prime factors of i.
5, 23
Let n = 15 - 10. Suppose 0*p + 155 = -n*p - 4*l, -3*l = 2*p + 62. Let f = 6 - p. List the prime factors of f.
37
Let o(u) = 8*u**2 + 4*u - 4. Let y be (4 - 2) + -4 + 6. Let w be o(y). Suppose -90 = -z - z - 5*b, 3*z + 5*b - w = 0. List the prime factors of z.
2, 5
Let a = -1239 - -2228. What are the prime factors of a?
23, 43
Let y = 410 - 286. Let r = -60 + y. List t